000110111010111110
-101052102 (base 6) to base 14
-3318d8
6378b (base 16) to base 5
101014220
32443344 (base 5) to base 11
182215
-ab3110 (base 12) to base 11
-1599994
What is -123313332 (base 4) in base 6?
-2240330
What is ebe519 (base 15) in base 5?
10334032044
Convert -317114 (base 8) to base 14.
-2a91a
-1100100011001011010111 (base 2) to base 6
-154302343
8b211d (base 14) to base 10
4730879
What is 21161161 (base 8) in base 6?
240432025
-30bd (base 16) to base 12
-7279
-40370 (base 12) to base 9
-136433
-d146 (base 15) to base 4
-22302012
Convert 3498a (base 12) to base 4.
101031322
Convert 27d375 (base 16) to base 12.
a5a531
Convert -1224224142 (base 5) to base 13.
-7c8a96
What is -7037282 (base 10) in base 2?
-11010110110000101100010
Convert -3c365 (base 13) to base 3.
-12201111202
1413473 (base 8) to base 14
a5679
What is 10011011111101010101 (base 2) in base 3?
1012110021110
20120121010211 (base 3) to base 12
1206b4a
2407111 (base 13) to base 12
389b094
What is -23114245 (base 6) in base 5?
-140204002
Convert -86cd (base 16) to base 8.
-103315
-10101221121122 (base 3) to base 13
-4b4a06
Convert 20410033 (base 5) to base 10.
169393
Convert 212267 (base 10) to base 5.
23243032
Convert 5304434 (base 6) to base 9.
432364
101110112200 (base 3) to base 11
13082a
-2200301312 (base 4) to base 8
-2406166
11260 (base 16) to base 2
10001001001100000
Convert -4560624 (base 9) to base 6.
-124424551
Convert 11001001010010111 (base 2) to base 4.
121022113
Convert -28021 (base 9) to base 14.
-6cb3
What is -c8709 (base 14) in base 12?
-1b4345
What is -34a09 (base 12) in base 10?
-70569
2100010200122 (base 3) to base 11
779745
15023342 (base 6) to base 15
a30e5
Convert 25287 (base 11) to base 9.
54674
-39153 (base 13) to base 10
-105693
What is -11100111010010001 (base 2) in base 9?
-200384
Convert -23901b (base 14) to base 7.
-13222034
Convert 303919 (base 10) to base 2.
1001010001100101111
What is -307002 (base 10) in base 2?
-1001010111100111010
What is -7727425 (base 8) in base 3?
-10220111100002
Convert -24103400 (base 5) to base 12.
-a8812
Convert 112110311030 (base 4) to base 15.
7a9112
Convert -11089 (base 11) to base 10.
-16069
-bb359 (base 14) to base 12
-19a497
-2200120000010 (base 3) to base 2
-101011100101010010010
1910d (base 14) to base 8
173531
Convert -34234230 (base 5) to base 10.
-305565
Convert 18a8b57 (base 12) to base 15.
6ca8ba
-451446 (base 7) to base 10
-79806
What is -90293 (base 10) in base 14?
-24c97
Convert 37ac33 (base 13) to base 5.
320302341
Convert -311044012 (base 5) to base 12.
-5121b4
What is -31104012 (base 5) in base 14?
-68608
Convert 5545501 (base 6) to base 13.
99a72
Convert 7418 (base 14) to base 4.
10320232
What is 214a84 (base 11) in base 8?
1236511
-8616 (base 13) to base 7
-105153
What is -107648 (base 9) in base 4?
-33302222
What is 2776a (base 15) in base 6?
2413514
What is 1c4426 (base 15) in base 8?
5211677
-17076 (base 8) to base 11
-58a9
What is 100111000000110110 (base 2) in base 4?
213000312
-114b000 (base 14) to base 5
-4103014313
What is -2413365 (base 10) in base 9?
-4477456
What is 10010100101100111100 (base 2) in base 8?
2245474
What is -52164 (base 11) in base 15?
-17808
What is 44731 (base 13) in base 15?
26c3a
Convert -1230222 (base 5) to base 10.
-23812
Convert 365532 (base 8) to base 6.
2410202
What is -470a2 (base 11) in base 9?
-113237
Convert 10220 (base 16) to base 3.
10100122102
-a883e (base 16) to base 11
-43164a
Convert -9252a (base 11) to base 4.
-200332130
fa800 (base 16) to base 14
1c9cd2
Convert 39967 (base 11) to base 7.
325240
What is 470266 (base 9) in base 5?
33013340
Convert -13715353 (base 8) to base 2.
-1011111001101011101011
What is 1085398 (base 10) in base 11?
681526
Convert -4445350 (base 7) to base 9.
-1026471
Convert 2423252 (base 6) to base 10.
127760
What is -342424542 (base 6) in base 16?
-5fed4e
-2332113231 (base 4) to base 2
-10111110010111101101
1001100101111010011 (base 2) to base 4
1030233103
What is -2227480 (base 14) in base 7?
-254652420
What is -3726866 (base 9) in base 2?
-111101110100110001110
What is 221100001001022 (base 3) in base 4?
303113012000
Convert -223422003 (base 5) to base 10.
-998378
Convert -21130131 (base 4) to base 2.
-1001011100011101
What is 34157a (base 11) in base 3?
1000121212112
What is -12323022300 (base 4) in base 13?
-4b72c0
Convert 1675154 (base 11) to base 4.
22313013111
Convert 224133 (base 12) to base 6.
15412503
Convert -113113221 (base 6) to base 16.
-202f8d
10100100000000111101001 (base 2) to base 7
63452632
What is -3539ce (base 15) in base 12?
-a27ba2
-93053 (base 10) to base 9
-151572
Convert 399b0c (base 16) to base 10.
3775244
280610 (base 10) to base 7
2246051
-110011110010110 (base 2) to base 14
-9942
What is 1110110011010 (base 2) in base 6?
55030
What is -8a92a7 (base 16) in base 12?
-305b607
What is e3e9d (base 16) in base 5?
214333113
-1016582 (base 9) to base 10
-542855
-9b00a (base 12) to base 10
-205642
Convert -112220102121221 (base 3) to base 15.
-a66e97
-110881 (base 11) to base 8
-531155
402620 (base 9) to base 6
5034330
What is 123321353 (base 6) in base 15?
327c23
-42134242 (base 5) to base 2
-1010101010010001010
What is 2450802 (base 10) in base 15?
33626c
Convert 313313130 (base 4) to base 15.
47c03
Convert -5340304 (base 9) to base 16.
-2ba72b
Convert -10350550 (base 6) to base 13.
-ab108
Convert -627014 (base 14) to base 8.
-14532172
What is 124021 (base 5) in base 7?
20150
Convert -35053 (base 10) to base 3.
-1210002021
What is -1372254 (base 8) in base 14?
-a235a
What is 22110010110 (base 3) in base 13?
5a909
221102021020 (base 3) to base 8
1721101
42404c (base 13) to base 5
344114041
Convert -19a35b3 (base 12) to base 5.
-2343020441
What is 1b86b1 (base 12) in base 7?
4115446
Convert 26645660 (base 8) to base 12.
2006580
15024203 (base 6) to base 10
516747
What is 3542810 (base 13) in base 11?
9320344
What is 10864 (base 13) in base 10?
29995
What is 11a4c (base 14) in base 16?
a8b4
Convert 100456 (base 8) to base 12.
1717a
What is -478728 (base 12) in base 16?
-11a110
Convert 22200222021 (base 3) to base 10.
171295
What is -11212112112 (base 3) in base 16?
-17693
-110112211 (base 3) to base 4
-2032330
-3058c0 (base 13) to base 4
-10102333210
What is 11012101102 (base 4) in base 11?
833071
What is -60a859 (base 12) in base 16?
-171045
What is 3259934 (base 11) in base 2?
10101110101001111010111
-718581 (base 9) to base 3
-210122122201
-35645 (base 12) to base 14
-1c221
1442356 (base 9) to base 15
10ab23
-245514 (base 7) to base 11
-30a51
What is -15220a (base 12) in base 6?
-11345214
-160a7a (base 11) to base 6
-5210150
Convert -1122212 (base 5) to base 7.
-113130
Convert 404571 (base 10) to base 15.
7ed16
What is 1001222120200 (base 3) in base 15?
b4086
Convert 81552 (base 9) to base 5.
3204134
What is 3112130321 (base 4) in base 12?
3643b5
Convert -14125260 (base 7) to base 14.
-264267
What is 102b5b (base 12) in base 8?
757767
-219c3 (base 15) to base 11
-732a1
Convert 82a711 (base 12) to base 4.
13310211331
Convert -13332121 (base 5) to base 12.
-67020
32352 (base 14) to base 15
25e81
What is 4313233033 (base 5) in base 8?
42620305
Convert -12123341 (base 5) to base 4.
-123320231
Convert 30100010110 (base 4) to base 15.
43687a
What is -320732 (base 9) in base 12?
-92555
Convert 103323102012 (base 4) to base 16.
4fb486
-51154620 (base 7) to base 5
-2043001411
What is 18e03 (base 15) in base 14?
2161c
Convert 82aa4 (base 13) to base 2.
111001010011010010
What is 162625 (base 9) in base 5?
11203012
1c08ac (base 14) to base 15
14b6c6
Convert 394c6a (base 16) to base 4.
32110301222
What is -1011101000110010000010 (base 2) in base 10?
-3050626
What is -10011111110010001001 (base 2) in base 7?
-5364041
-22331223 (base 6) to base 5
-133240303
741588 (base 13) to base 15
389d19
Convert -598078 (base 10) to base 11.
-379388
What is -6363132 (base 7) in base 4?
-2330123232
What is -140631 (base 11) in base 5?
-24023000
What is 143462 (base 8) in base 5?
3112434
What is -10101001000110111 (base 2) in base 4?
-111020313
-4342411403 (base 5) to base 8
-43505046
What is 2019212 (base 10) in base 6?
111140112
Convert -4213141 (base 5) to base 15.
-15a31
What is -568340 (base 10) in base 4?
-2022300110
